)) + 31 + -25
-61
What is -85 - (116 - 198) - ((-4 - -1 - -19) + -3)?
-16
Evaluate (43 + -106 - -155) + -71.
21
-60 - (-11 + 15 + -8 + -8 + 0 + 7)
-55
-4 + 0 + 2 + -15 + -4 + (54 - 36)
-3
What is 25 + (-107 + 122 - (2 - (-14 + 2)))?
26
Calculate (-81 + (-7 - -27) - -2) + 13.
-46
(-3 - (2 + 4)) + (-25 - -5 - 1)
-30
(221 + -114 - 190) + 31
-52
What is the value of -52 - (2 - (20 - -16))?
-18
74 - (-11 - -35) - 56 - (1 + -5 + 0)
-2
26 - (-37 + 25 + 2 + 22 - (0 + 20))
34
What is the value of 66 + -7 + (32 - 56) + (-9 - 0)?
26
Calculate -1 - -18 - ((-65 - -167) + -63).
-22
Calculate -556 + 567 - (-4 + -23).
38
What is the value of (-4 - 1 - -2) + (6 + -11 + -3 - -7)?
-4
Calculate -85 + 144 + -16 + -98.
-55
Calculate -35 + 55 + (10 - 21).
9
Calculate 115 + 1 + (-3 + (-47 - -12) + 45 - 9).
114
Evaluate -15 + 14 + (-1 - 19) + (51 - 44).
-14
What is the value of (-51 - -31) + 32 - (2 + 2 + -39)?
47
What is the value of -217 + 86 - (-109 + 4)?
-26
Calculate -3 + (67 - ((3 - 8) + 9)) + -685 + 697.
72
Evaluate 0 - 1 - 44 - (4 - 17 - (14 - 26)).
-44
What is the value of (-22357 - -22357) + (49 - (1 + -4 + 2))?
50
What is the value of 5 + (-17 - -4) - (12 + 3 - -49)?
-72
What is the value of (-26 - (-8 - -3)) + -308 + 261?
-68
What is the value of 7 - (6 + (-1 + 1 - (-57 + (10 - -43))))?
-3
36 - (95 + -40 + -28)
9
Evaluate -125 + 195 - (-7 + 33).
44
Evaluate -118 + (44 - -74 - 121).
-121
Evaluate 87 + -6 + -180 + 106.
7
Evaluate -47 + 26 + 16 + (-5 + 52 - 6 - -1).
37
What is (9 - 16) + -11 + -3 - -1?
-20
Evaluate -8 + (2 - 60) + 43 - -18.
-5
Calculate -9 - (-4 + 7 + -8) - (-7 - -18).
-15
Evaluate -4 + (-36 - 104 - -141) + -1 + -18.
-22
What is (4 + (4 - 5) - -4) + (4 - (-1 + 20))?
-8
What is (6 - (-3 - -3)) + -20 + 35 + 13?
34
Calculate -50 + 141 + 43 + -88.
46
What is the value of -23 + ((-6 - 3) + -3 - -12)?
-23
Calculate (-486 - -376) + (13 + 6 - -4).
-87
Evaluate 73 + -210 + 112 + -82.
-107
(-16 - 1) + (-1 + -13 - (-68 + (103 - 41)))
-25
Evaluate (4 - 1) + -16 + (-18 - (-33 - -9) - -10).
3
Evaluate 1 - -34 - (-1520 + 1549) - -3 - (114 + -1).
-104
What is the value of 34 + (0 - ((250 - 243) + 13 + 0))?
14
(29 - (-34 + 33)) + -41
-11
-8 + 13 + -3 + -28 + 2
-24
What is 2427 + -2384 + (-1 - -1) + 42?
85
Evaluate 47 + -56 - (-2 + -55) - -15.
63
What is -96 + 3 + (3 - -4) + -21 + -20?
-127
Evaluate -3 + -5 + 85 + -82 + (-81 - -5) + 1.
-80
Calculate (2095 - 2088) + (-1 - 26).
-20
Evaluate -14 - -8 - 2 - (-47 - -4).
35
Evaluate (4 - 31) + 5 - ((-1 + 7 - 9) + 7).
-26
What is -6 - (106 + (-13 - 1 - (48 + -78)))?
-128
-33 + -21 + 34 + 1 + 22 + 1
4
0 - 37 - (-224 - -154)
33
(52 + -9 - 89) + 39 + (-3 - -2) + -68
-76
What is -22 + (37 - -6) - -1 - 67?
-45
Calculate (59 - 29) + (11 + -28 - -5).
18
What is the value of -58 - (-187 - (106 + -127))?
108
Evaluate (155 - 87) + -6 + -13.
49
What is the value of 8 - -2 - ((-3 - -22) + -98 + 37)?
52
Calculate (10 - -1) + (578 - 604) - 0.
-15
What is the value of 710 - 702 - (49 + 2)?
-43
Evaluate -67 - -60 - 17 - -8.
-16
Evaluate -1 + 0 + -3 - -27 - (-5211 - -5346).
-112
-54 - -3 - (36 - (118 - 83))
-52
Evaluate 1 + -1 + -3 - (117 + 12 + -126).
-6
What is -265958 + 265951 + (1 + -89 - (-2 - -1))?
-94
What is the value of -47 - (-101 + 19 - -104)?
-69
What is the value of 8 - (54 + -81 - -53)?
-18
What is the value of 9 + -56 + 39 + (-1 - -13)?
4
What is the value of 4 - (-6 + 2 + (15 - 24))?
17
What is 2 + 6 + 5 + 9 + -27 + (-2 - 7)?
-14
What is the value of 3 - 62 - (-468 - -458)?
-49
Calculate (40 + -65 - -14) + -37 + 27.
-21
Calculate -1 + -5 - (-412 + 130 + 296).
-20
What is the value of 54 - (105 - (22 + -14))?
-43
15 + (17 - (-21 - (-17 + -23)))
13
What is (42 - 38) + 10 + (11 - 3)?
22
97 + -50 + 35 + -82
0
What is the value of 5 + -10 + -4 + -2 + 6 - -30?
25
What is the value of 77 + 1 - (-985 - -1018) - -3?
48
42 + -22 + -24 + -26
-30
What is -32 + 36 + (2 + -4 - -7) + (36 - 25)?
20
-9 - -4 - (-2 + 2 + 7 + (566 - 478))
-100
Evaluate -4 + 1 + -106 + -52 + (-27 - -95).
-93
14 + (8 + -3 - -22) - -21
62
40 - (21 - (47 + -184))
-118
What is the value of (5 - 10) + -55 + (3 - -26 - 14)?
-45
Calculate (-25 - (-11 - (-28 - -27))) + -44.
-59
Evaluate (-30 - -159) + -103 - (14 + -1).
13
What is (0 - -27) + (-4559 - -4503)?
-29
What is -24 + 11 + (-24 - -19) + 50?
32
Calculate (-2 - (-43 + -2)) + (15 - 52 - -38).
44
What is the value of -23 + 68 + -48 + -14?
-17
What is the value of (-2 - 10) + 66 + (-52 - 38)?
-36
Evaluate (26 + -24 - 16) + (3 - -106).
95
What is -11 + 0 - (-17 - (-9 + 0 + -1 - 2))?
-6
What is the value of 1815 + -1824 + 3 + (-1 + -18 - 2)?
-27
What is 1 - 2 - (-13 + -16 + 23) - -26?
31
What is -108 + (-52 + 23 - -85)?
-52
What is the value of -73 + 76 + -48 + 88?
43
13 + 32 + (-4 + 0 - (-1 - (9 - 9)))
42
Calculate 526 + -535 - (8 - 4 - 27 - 3).
17
What is the value of 48 - (68 - 38 - 32)?
50
134 + (-8 - (-1 - 10)) - (7 - (2 + 0))
132
Calculate 92 - 117 - -145 - 8.
112
Evaluate 31 + -151 + 103 - 13.
-30
Evaluate 136 + -80 - 111 - (-1 - 13).
-41
What is the value of 0 - (-93 - -14) - (-17 - (-3 + 2) - 0)?
95
Evaluate 9 + (19 - 105) - -126.
49
4 + 25 + -21 + -39
-31
Calculate -2 - -19 - (-77 + (62 - 10)).
42
120 + 136 - 126 - 150
-20
What is -1 - (0 - 0) - (-106 + (-64 - -183))?
-14
What is (-2 - 39) + 64 + -71 + 28 + 103?
83
Evaluate 2793 + -2812 - (-68 - -1).
48
What is 54 + 125 + -64 + -19 + -2?
94
3 - (8 - 39 - (10 + -5 + 0 - 1))
38
Evaluate 10 + -2 + -21 - -3 - (-13 + 27 + -1).
-23
Evaluate -47 + -13 + 21 + 46.
7
What is -10 + (-1 - -48) + (-55 - (-7 - 58))?
47
What is (70 - -2) + (-16 - (-2 + 5 + -8) - -7)?
68
Evaluate -3 - (-19 + 64 - 83) - 58.
-23
Calculate (23 - (82 + -63)) + -122.
-118
What is (32 - -9) + -10 + (15 - 32) + 9 + 3?
26
15 + -12 + 15 + -9 + 80
89
-202 + -110 + 211 + 126
25
(-24 - -4) + -53 + (-17 - -39)
-51
Evaluate -22 + (14 + -10 - 7).
-25
What is the value of -94 - (0 + -23 + (-144 - -191))?
-118
Calculate -21 - (6 - (5 + 27 - 21)).
-16
41 + (26 + -1 - (-284 - -289)) + (2 - 1)
62
49 + -42 + 28 + -17 + (3 - 39)
-18
Evaluate 60 + (-7 - (17 - -5) - (18 + -24)) + 10.
47
46 + (-2 + 1 - 0 - ((-21 - 4) + 16))
54
(90 - (-2 + 42)) + -59
-9
-80 + 113 + -79 + 19
-27
What is the value of (-2 - -14) + -4 + -75 + (-3 - (29 - 21))?
-78
What is the value of 4 + 1 + 62 + -60 + -1 + (-338 - -184)?
-148
What is (1493 - 1390) + (1 - (9 + -1 - (-7 + 10)))?
99
18 - ((-9 - -10 - -4 - 27) + 13)
27
What is 12 + (-17 - ((-4 - 7) + 1)) - -2?
7
What is 9 + 1 - (-214 + 169 + 15)?
40
What is the value of 18 + (-101 - 6) - (-15 + -11)?
-63
What is 0 + 113 - ((-142 - -29) + 102)?
124
5 + (-6 + (5 - 1) - (-5 + 34 - 46))
20
What is the value of 15 + -4 - (-28 - -30) - -7 - -13?
29
86 + -132 + (-8 - -30)
-24
What is the value of 10 - (-6 + -28 + -11 + (14 - 12))?
53
Evaluate -54 + -8 + (0 + 7 - (122 - 139)).
-38
What is the value of 20 - -3 - -39 - 96?
-34
Evaluate (-14 - -135 - 15 - (-41 - -34)) + 5.
118
Calculate 2 + 17 - (201 - 155).
-27
-52 + 63 + (-14 - 11) + 4
-10
What is 10 - 7 - (-21 - (-39 + 20)) - -2?
7
-67 + -1 + 6722 + -6763
-109
Evaluate 8 - (33 + -2 - (-70 - -92)).
-1
Evaluate 70 + -41 + -106 + 162.
85
What is the value of (2 - ((-7 - 1) + (42 - 35))) + -8?
-5
18 - (87 + -61 - (-3 - -10))
-1
What is -9 - -37 - 66 - -93?
55
Evaluate 9 + 0 + -1 - (-58 + 56 + -4).
14
24 + 1 - ((8 - 37) + 9 + 12)
33
What is 6 + (-13 - (-17 - (-12 - -10 - -13)))?
21
What is (-2 - 19) + (-95 - -95) + 59?
38
122 + -58 + 5 + (-7 - (0 + -5)) + -2
65
Evaluate (-1 + -18 + 202 + -190 - (-4 - -1)) + 89.
85
Evaluate (-43 - -60) + -39 + 101.
79
What is the value of 30 + -9 + 9 + 8 + -9 + -9?
20
What is 14 + 2 - (109 + -66)?
-27
Calculate (-21 - -50) + -31 + (3 - -112 - 8).
105
What is the value of 0 + 43 + -11 + (0 - 14 - (45 + -80))?
53
19300 - 19353 - (10 - 1)
-62
What is -18 + (137 + -143 + 2 + 13 - 45)?
-54
-209 + 158 + -12 - (0 - 0 - -12)
-75
17 + 10 + -8 - (-11 - -22)
8
Evaluate 54 - (17 - (4 - (7 + -17)) - 4).
55
What is 16 + -26 + 11 + -9 + -9 + 62?
45
(14 - 5) + -86 - (7 + -5 + -5 - 11)
-63
What is the value of (-24 - (4 - (-9 - -9 - 7 - -22))) + -46?
-59
What is the value of 48 + -32 - 16 - -31?
31
What is -2 - 0 - (-51 - -96 - 60 - (3 - 12))?
4
-117 + 184 + -74 + 124
117
What is 70 - ((-82 - -53) + 75)?
24
Evaluate -14 - (1